c**2 + 21*c + 1069. Give j(-51).
-2
Let i(r) = -1761*r + 3538. Calculate i(2).
16
Let c(j) = -440*j + 478. Calculate c(1).
38
Let h(j) = -j**3 - 33*j**2 + 840*j - 573. What is h(-50)?
-73
Let z(w) = -36*w**3 - 174*w**2 - 115*w - 7. Calculate z(-4).
-27
Let y(w) = 11282*w - 146546. Determine y(13).
120
Let p(r) = 153098*r + 5970848. Calculate p(-39).
26
Let i(w) = -22*w**2 - 3865*w + 1221. What is i(-176)?
-11
Let t(w) = -w**3 + 102*w**2 + 1423*w + 54867. What is t(118)?
-3
Let w(k) = 727*k + 3613. Give w(-5).
-22
Let i(o) = -943*o**2 + 11344*o - 185. Calculate i(12).
151
Let j(w) = w**2 - 26345*w - 184526. What is j(-7)?
-62
Let c(d) = -3326*d - 169604. What is c(-51)?
22
Let z(a) = 2*a**3 - 222*a**2 + 1826*a + 555. Calculate z(102).
-465
Let f(a) = -208*a**3 - 12273*a**2 - 52*a + 389. Determine f(-59).
-24
Let d(f) = -7503*f - 22537. Give d(-3).
-28
Let l(y) = 5*y**3 - 37*y**2 + 147*y - 1309. Give l(8).
59
Let w(o) = -5185*o + 33144. Calculate w(6).
2034
Let s(p) = -2*p**2 - 76*p - 628. What is s(-9)?
-106
Let m(s) = -2*s**3 - 76*s**2 + 252*s + 3661. Calculate m(-40).
-19
Let o(x) = 7*x**2 - 3415*x - 17744. Calculate o(493).
4
Let l(n) = 3*n**3 + 17*n**2 - 305*n - 1967. What is l(-7)?
-28
Let u(c) = -153*c + 3708. Give u(28).
-576
Let x(p) = 86*p**2 + 748*p + 87. Calculate x(-9).
321
Let r(g) = 357*g + 34859. Calculate r(-94).
1301
Let v(d) = -4044*d - 56515. Calculate v(-14).
101
Let w(g) = 55*g**2 + 387*g + 422. Give w(-6).
80
Let i(x) = -2419*x - 33456. Give i(-13).
-2009
Let l(y) = -4*y**3 - 196*y**2 - 32*y + 57. What is l(-49)?
1625
Let b(h) = h**3 - 47*h**2 - 299*h + 124. Determine b(-6).
10
Let b(o) = 14*o - 1349. Give b(100).
51
Let l(w) = -2*w**2 + 15852*w - 174265. Determine l(11).
-135
Let g(p) = p**3 - 11*p**2 - 38890*p + 311310. Calculate g(8).
-2
Let t(l) = 631*l - 2513. Give t(10).
3797
Let t(p) = 3*p**3 + 37*p**2 + 39*p + 250. Calculate t(-14).
-1276
Let z(h) = -2201*h + 89828. Determine z(41).
-413
Let r(n) = -24823*n + 99397. Calculate r(4).
105
Let y(n) = n**3 - 112*n**2 + 136*n - 2762. Determine y(111).
13
Let p(z) = z**3 + 3*z**2 - 18700*z - 56101. Calculate p(-3).
-1
Let q(r) = -10*r**2 - 589*r - 41. Give q(-59).
-100
Let q(v) = 25385*v + 380803. Give q(-15).
28
Let a(g) = -706*g - 20615. What is a(-26)?
-2259
Let k(h) = -198*h**3 + 3285*h**2 + 1377*h - 3. Give k(17).
-3
Let z(y) = -20*y**2 - 277*y + 1728. Give z(5).
-157
Let d(o) = 9*o**2 + 865*o + 1019. Calculate d(-95).
69
Let o(s) = -s**3 - 95*s**2 - 791*s - 845. Calculate o(-86).
617
Let r(t) = -2906*t + 20411. What is r(7)?
69
Let y(z) = 48*z**2 - 3882*z - 470. What is y(81)?
16
Let t(z) = -7*z**2 + 49500*z + 198058. Calculate t(-4).
-54
Let y(c) = -7*c**2 + 212*c - 234. Determine y(26).
546
Let w(i) = 33970*i**3 + 101908*i**2 - 13*i - 4. Give w(-3).
17
Let s(c) = 126918*c + 127071. Give s(-1).
153
Let g(k) = -24*k**2 - 1496*k - 288. Determine g(-62).
208
Let x(g) = 8168*g - 105623. Calculate x(13).
561
Let f(x) = -3863*x - 1681. Calculate f(0).
-1681
Let i(y) = -9*y**2 + 83*y + 41. What is i(17)?
-1149
Let t(h) = -h**3 + 19*h**2 - 493*h + 7991. Calculate t(17).
188
Let c(f) = 66188*f + 1985649. What is c(-30)?
9
Let v(u) = 489089*u + 6847250. Determine v(-14).
4
Let i(o) = -o**2 - 14241*o + 256675. Calculate i(18).
13
Let u(k) = -k**2 - 11895*k + 214457. Calculate u(18).
23
Let c(a) = 12*a**3 + 769*a**2 + 105*a + 2590. Give c(-64).
-34
Let w(u) = -1770*u + 74947. What is w(42)?
607
Let m(r) = -3*r**3 - 485*r**2 + 5879*r - 564. Give m(-173).
-45
Let x(h) = 3*h**3 + 94*h**2 + 550*h + 548. Calculate x(-24).
20
Let d(l) = 2*l**3 - 65*l**2 - 128*l + 868. Calculate d(34).
-16
Let s(j) = 16*j**3 + 180*j**2 - 19*j - 716. Give s(-11).
-23
Let f(t) = -t**2 - 1476*t + 19347. Give f(13).
-10
Let j(p) = -34*p**3 + 471*p**2 + 73*p - 34. Determine j(14).
8
Let r(l) = 59*l**3 + 319*l**2 - 1939*l - 276. Determine r(-9).
3
Let d(l) = l**3 - 51*l**2 + 58*l + 259. Determine d(50).
659
Let t(b) = b**3 + 25*b**2 - 1392*b - 440. Calculate t(27).
-116
Let t(p) = -9516*p + 3834935. Give t(403).
-13
Let h(i) = 2*i**3 + 10093*i**2 + 2*i + 8. Determine h(0).
8
Let b(d) = 66340*d - 15589904. Calculate b(235).
-4
Let n(v) = v**3 - 125*v**2 - 117*v - 1275. Calculate n(126).
-141
Let u(g) = 5401*g**2 - 907368*g - 3. Calculate u(168).
-3
Let v(p) = -49*p**2 + 361*p - 22. Determine v(7).
104
Let w(v) = -7*v**2 - 10*v - 8. Determine w(3).
-101
Let w(z) = z**3 - 6*z**2 - 1305*z + 6467. What is w(5)?
-83
Let z(k) = -174729*k**2 - 1747290*k - 1. What is z(-10)?
-1
Let g(o) = 51642*o + 1342592. Calculate g(-26).
-100
Let c(n) = -1160*n + 1270. Calculate c(2).
-1050
Let d(w) = 11*w**2 + 446*w - 23. What is d(-36)?
-1823
Let u(b) = -1801*b - 298888. Calculate u(-166).
78
Let u(x) = -x**2 + 265*x + 41882. Determine u(375).
632
Let m(o) = -36*o**2 - 516*o - 209. Calculate m(-14).
-41
Let i(z) = -4720*z + 2416630. Calculate i(512).
-10
Let m(n) = -909*n - 87. Calculate m(0).
-87
Let x(a) = -1043*a**2 + 140806*a - 8. What is x(135)?
127
Let h(k) = -736*k + 9401. Calculate h(12).
569
Let z(k) = 92*k - 12087. Give z(129).
-219
Let t(p) = -1116*p + 9078. What is t(8)?
150
Let x(j) = 5*j**3 + 142*j**2 + 63*j + 201. What is x(-28)?
5
Let l(b) = 247*b**2 + 6115*b - 1497. Determine l(-25).
3
Let g(c) = -6440*c + 147866. Calculate g(23).
-254
Let y(b) = -11813*b + 1393930. What is y(118)?
-4
Let t(l) = 3*l**3 - 581*l**2 + 385*l + 203. Give t(193).
10
Let d(l) = -105*l - 7789. What is d(-80)?
611
Let r(v) = -25*v**2 + 750*v - 169. Determine r(27).
1856
Let w(h) = 9764*h - 673743. What is w(69)?
-27
Let k(d) = 6234*d - 24911. Calculate k(4).
25
Let f(z) = -z**2 - 1372*z + 43473. What is f(31)?
-20
Let q(v) = -1685*v - 39584. Give q(-23).
-829
Let v(x) = -34*x**2 - 608*x - 53. Give v(-19).
-775
Let g(h) = 4879*h + 87801. Give g(-18).
-21
Let l(x) = x**3 - 39*x**2 - 386*x + 27. Give l(48).
2235
Let t(s) = 858*s + 4434. Give t(-6).
-714
Let b(h) = 30*h**2 - 70*h + 248. Calculate b(3).
308
Let m(w) = 2*w**2 + 55069*w + 495589. Calculate m(-9).
130
Let t(d) = 3*d**3 + 55*d**2 - 31*d + 251. Determine t(-19).
118
Let h(o) = 133*o**2 + 1771*o + 538. What is h(-13)?
-8
Let n(w) = -118854*w + 831985. Give n(7).
7
Let n(y) = y**2 + 1357*y - 5458. What is n(4)?
-14
Let m(b) = b**3 + 274*b**2 - 11505*b - 99. Calculate m(37).
-25
Let p(k) = -245*k + 54866. Give p(224).
-14
Let v(l) = -2*l**3 + 28*l**2 + 1880*l - 24810. Calculate v(13).
-32
Let f(k) = 35*k**2 + 774*k + 185. Calculate f(-22).
97
Let o(k) = -13*k**2 + 76513*k + 153023. What is o(-2)?
-55
Let f(w) = 231*w - 37320. Give f(162).
102
Let o(t) = 2594*t - 267093. Calculate o(103).
89
Let s(v) = -194859*v + 779411. Give s(4).
-25
Let r(g) = 414*g**2 + 6668*g - 54922. Calculate r(6).
-10
Let j(g) = -6*g**3 - 3532*g**2 + 1114*g - 37696. Give j(-589).
0
Let o(l) = -8*l**2 + 43*l + 20. Determine o(-6).
-526
Let p(y) = -179*y**2 + 22732*y + 133. Give p(127).
6
Let j(l) = -l**2 - 708*l + 1459760. Calculate j(905).
-5
Let o(l) = 61970*l - 309887. Give o(5).
-37
Let l(u) = u**3 - 96*u**2 - 191*u - 429. What is l(98)?
61
Let l(y) = y**3 + 12*y**2 - 89*y + 9. What is l(-8)?
977
Let l(z) = 42667*z - 212859. Calculate l(5).
476
Let t(l) = -l**2 - 645*l - 41267. Give t(-72).
-11
Let x(k) = k**3 - 69*k**2 - 9321*k - 338. Give x(-68).
2
Let b(m) = 1283*m + 624877. What is b(-487)?
56
Let b(g) = 19747*g - 78983. Calculate b(4).
5
Let m(q) = 2425*q - 72726. Calculate m(30).
24
Let c(r) = -54*r**2 - 40454*r - 46405. Determine c(-748).
-29
Let v(f) = 22275*f - 601309. What is v(27)?
116
Let g(a) = 36*a**2 + 3734*a - 1095. Calculate g(-104).
-55
Let c(d) = 2*d**2 + 5887*d + 180568. Calculate c(-31).
-7
Let i(c) = -c**3 + 170*c**2 + 520*c - 61. Determine i(173).
112
Let k(p) = 564*p - 42990. Calculate k(71).
-2946
Let a(x) = x**3 - 18*x**2 + 13*x + 285. Give a(18).
519
Let y(j) = -j**3 + 38*j**2 - 68*j + 523. Give y(33).
3724
Let s(u) = -2*u**2 - 90*u + 6258. Determine s(-82).
190
Let w(q) = -3*q**3 + 138*q**2 - 54*q - 143. Determine w(45).
3502
Let g(z) = -z**2 + 43916*z - 570840. Give g(13).
-101
Let y(a) = 2*a**2 + 2853*a - 17220. Determine y(6).
-30
Let r(h) = -10015*h - 90089. Determine r(-9).
46
Let n(q) = -67280*q + 67261. What is n(1)?
-19
Let o(l) = -l**2 + 31*l + 220. Calculate o(